6686
In base 6, what is 3 - -4135123?
4135130
In base 7, what is -261 - -15401?
15110
In base 3, what is -100210202 - -20112?
-100120020
In base 16, what is 20d0e + -6?
20d08
In base 3, what is 12112 + 120021?
202210
In base 7, what is -314 + 3653?
3336
In base 9, what is -8627 - -26?
-8601
In base 13, what is -4c + -19bb?
-1a3a
In base 7, what is 1546163 + 3?
1546166
In base 6, what is 340 - -143?
523
In base 7, what is -2 - -13162206?
13162204
In base 13, what is a9 + 716?
7c2
In base 5, what is -432230 - -123?
-432102
In base 13, what is 5c652 + 5?
5c657
In base 14, what is d - -a57?
a66
In base 14, what is -227ba + 3?
-227b7
In base 6, what is 5 + -55525200?
-55525151
In base 3, what is 10 + 100112220?
100120000
In base 6, what is 2 + 4321?
4323
In base 15, what is 3 + de0c?
de10
In base 5, what is -42441 - 13?
-43004
In base 3, what is -2011 + 201002122?
201000111
In base 8, what is 253217 - -4?
253223
In base 12, what is -17a31 + -4?
-17a35
In base 5, what is 213 - -1103224?
1103442
In base 13, what is 98 - -204?
29c
In base 8, what is -23631111 + 5?
-23631104
In base 5, what is 1002 - 4411?
-3404
In base 8, what is -3060 - 2?
-3062
In base 12, what is -3 - -ba7b?
ba78
In base 3, what is -1211 - -1010011?
1001100
In base 4, what is 3010211 + -2010?
3002201
In base 3, what is 122100022112 - 10?
122100022102
In base 4, what is -101 + 21123133?
21123032
In base 11, what is -1 - 4426?
-4427
In base 13, what is -30a2 - 2?
-30a4
In base 13, what is -8 - -7c4?
7b9
In base 7, what is 1041 - -6223?
10264
In base 12, what is 38912 + -7?
38907
In base 5, what is 1441 - -30?
2021
In base 5, what is 240 + 23130?
23420
In base 15, what is 61 - -16?
77
In base 7, what is -5 - -163351?
163343
In base 7, what is -14634661 + -1?
-14634662
In base 12, what is -5 + 19526?
19521
In base 8, what is -36515 + -15?
-36532
In base 6, what is -1333030 + -1?
-1333031
In base 12, what is -14735 + 4?
-14731
In base 8, what is 1701 - 37?
1642
In base 15, what is -16a8c - -5?
-16a87
In base 2, what is -10100100111111111 - -1001?
-10100100111110110
In base 2, what is 101101111111000101 - 1?
101101111111000100
In base 4, what is -1131 - -10330120?
10322323
In base 5, what is -3430 - 4?
-3434
In base 7, what is 4 - -2450650?
2450654
In base 2, what is 1101 - 1101010000?
-1101000011
In base 15, what is 45b5 + -79?
453b
In base 16, what is -3 - -688?
685
In base 16, what is a + 314?
31e
In base 16, what is -36a1 + 13c?
-3565
In base 16, what is 33a6 - 3f?
3367
In base 5, what is 222 - 34?
133
In base 7, what is 2225 - -5206?
10434
In base 3, what is -12 - -1121101222?
1121101210
In base 2, what is 0 + -11001101001000?
-11001101001000
In base 12, what is 2 + 44a851?
44a853
In base 8, what is 1407 - -2211?
3620
In base 15, what is -10 + 5cd?
5bd
In base 4, what is -1321033300 + -2?
-1321033302
In base 4, what is -303312 - -101103?
-202203
In base 7, what is -35326 + -4?
-35333
In base 9, what is -20671 - -32?
-20638
In base 16, what is 2c47b + 1?
2c47c
In base 5, what is 10 + 40020012?
40020022
In base 11, what is -84574 - -2?
-84572
In base 13, what is -240 - -3a3?
163
In base 10, what is -1588 - -188?
-1400
In base 12, what is 4 - -372347?
37234b
In base 13, what is -51a3a + -19?
-51a56
In base 11, what is -18385 + -2?
-18387
In base 11, what is 968 + -61?
907
In base 14, what is -511b + 2?
-5119
In base 3, what is -2201 - -1000111011?
1000101110
In base 9, what is -2 + 16177?
16175
In base 11, what is 0 + 2a3a5?
2a3a5
In base 13, what is -40 - -78a?
74a
In base 7, what is 3 + -66100?
-66064
In base 10, what is 1 + 125921?
125922
In base 5, what is 232 + 44024?
44311
In base 4, what is 1120 + 2132210?
2133330
In base 9, what is 154 + -280?
-125
In base 16, what is a + -c5c?
-c52
In base 16, what is -75c8 - 1?
-75c9
In base 2, what is -100 + 1001110?
1001010
In base 9, what is -173351 + -3?
-173354
In base 3, what is 1 + 122212102?
122212110
In base 13, what is -52b7 - -5?
-52b2
In base 7, what is -31556 - 31?
-31620
In base 7, what is 25232 + -10?
25222
In base 5, what is -3 - -243310432?
243310424
In base 6, what is -420345 - 4?
-420353
In base 12, what is -a14 - a28?
-1840
In base 16, what is d83 - 3a?
d49
In base 12, what is 84 - 16?
6a
In base 6, what is -114203 + 30?
-114133
In base 16, what is 46d20 + 2?
46d22
In base 8, what is 203720 + -1?
203717
In base 10, what is 143895 - -22?
143917
In base 7, what is -6066 + 14?
-6052
In base 3, what is -2211 + 1212020022?
1212010111
In base 16, what is 9 - 12019?
-12010
In base 12, what is -570150 + 0?
-570150
In base 10, what is 4 + 11285?
11289
In base 9, what is -1855 + -457?
-2423
In base 4, what is -20003023030 - 11?
-20003023101
In base 8, what is -10325 + 201?
-10124
In base 14, what is -2c1 + 47?
-278
In base 5, what is 42001 + -4?
41442
In base 13, what is a1235 - 2?
a1233
In base 10, what is 2 + -96386?
-96384
In base 3, what is -2201012202 + -2?
-2201012211
In base 9, what is 1451 - 58?
1382
In base 6, what is -251 - -12423?
12132
In base 14, what is -a7 + 192?
c9
In base 7, what is -5 - -1646551?
1646543
In base 2, what is -11101100 - 1101000110?
-10000110010
In base 10, what is 63336 + 7?
63343
In base 13, what is 143 - 40?
103
In base 6, what is 20 + -22510?
-22450
In base 7, what is 42 - 62?
-20
In base 5, what is 10122243 - 3?
10122240
In base 16, what is -2708 + -5e?
-2766
In base 16, what is -166 + 16?
-150
In base 7, what is -1 + -221564?
-221565
In base 10, what is 101 + -578?
-477
In base 3, what is 1010 + 221102020?
221110100
In base 13, what is -62a7 - -4?
-62a3
In base 10, what is -59893 - 4?
-59897
In base 7, what is -2465644 - -2?
-2465642
In base 12, what is 7a - 7803?
-7745
In base 12, what is 47088 - 7?
47081
In base 16, what is 595ee + -9?
595e5
In base 10, what is -385242 - 5?
-385247
In base 7, what is -11226145 + 0?
-11226145
In base 14, what is 81642 - 0?
81642
In base 3, what is 101 + 1002010020?
1002010121
In base 10, what is 58592 - 9?
58583
In base 3, what is -11 - -12200022222?
12200022211
In base 7, what is -440003 - -2?
-440001
In base 14, what is 3 + 108?
10b
In base 13, what is -4 - 72a?
-731
In base 11, what is 0 - -21a95?
21a95
In base 7, what is 32 - 4234?
-4202
In base 6, what is 104525 + -1250?
103235
In base 4, what is 133 - 111123?
-110330
In base 14, what is -555 + 35d?
-1d6
In base 9, what is -31 + 4826?
4785
In base 16, what is -2de3 - 3?
-2de6
In base 14, what is c9 - -387?
472
In base 11, what is -a + -782?
-791
In base 13, what is 4079 + 15?
4091
In base 11, what is a2 - -5003?
50a5
In base 3, what is 12000122101 - 11?
12000122020
In base 2, what is -100000000001101001110 - 10?
-100000000001101010000
In base 8, what is -144450 - 2?
-144452
In base 11, what is a7 + -124?
-28
In base 11, what is 14a138 + 0?
14a138
In base 9, what is 1653 - -24?
1677
In base 11, what is -2636 - -41?
-25a5
In base 7, what is -62222 - -15?
-62204
In base 12, what is -27b64 + 19?
-27b47
In base 15, what is 523 - -73?
596
In base 3, what is -1 + 10120121?
10120120
In base 3, what is 11 + -121121?
-121110
In base 5, what is 20 + 3201012?
3201032
In base 10, what is -8874 - 11?
-8885
In base 6, what is 4243 + 113?
4400
In base 11, what is -248 - 1?
-249
In base 12, what is -135 + -46?
-17b
In base 5, what is -2220241340 - 1?
-2220241341
In base 13, what is 13 + c935?
c948
In base 13, what is 17 - 1972b?
-19714
In base 6, what is 1155520 + 5?
1155525
In base 2, what is 10100 + 1101011010000101?
1101011010011001
In base 15, what is -4 - 8b78c?
-8b791
In base 13, what is -20 - 710?
-730
In base 11, what is -207 + -984?
-1090
In base 7, what is 24 + 246153?
246210
In base 15, what is 5863 + 1?
5864
In base 14, what is 39c + 317a?
3538
In base 8, what is -6 - -20237?
20231
In base 9, what is -433 - -111?
-322
In base 6, what is 3 + 121355?
121402
In base 5, what is 10 - -33141?
33201
In base 16, what is 1400 + 13?
1413
In base 11, what is 10 - 4277?
-4267
In base 13, what is -2367 - -80?
-22b7
In base 9, what is 3 - 20783?
-20780
In base 8, what is 4360036 - -3?
4360041
In base 6, what is -23 + -3230120?
-3230143
In base 13, what is -5390 - -a1?
-52bc
In base 11, what is 28 + -90923?
-908a6
In base 3, what is 1110112200 + 10?
1110112210
In base 15, what is b + -16231?
-16225
In base 14, what is -9